1. What is h(3)?
-10
Let f(l) = l**2 + 51*l - 1159. Give f(17).
-3
Let y(a) = a**3 + 20*a**2 - 66*a + 50. Calculate y(-23).
-19
Let z(a) = -3*a**3 - 196*a**2 - 40*a + 1628. Calculate z(-65).
3
Let i(l) = -6*l - 13. Calculate i(-13).
65
Let c(w) = -27*w**2 - 2285*w + 848. Give c(-85).
-2
Let n(o) = o**3 + 18*o**2 - 144*o - 12. What is n(-24)?
-12
Let n(f) = 8*f**2 - 14*f - 136. Give n(5).
-6
Let d(l) = 728*l**3 - 9*l**2 + 4*l - 2. What is d(1)?
721
Let p(n) = -4*n**3 - 2*n**2 - 6*n - 5. Calculate p(3).
-149
Let c(h) = h**2 + 281*h + 1344. Calculate c(-5).
-36
Let i(m) = -m**2 - 48*m - 279. Calculate i(-41).
8
Let d(u) = -u**2 + 69*u - 274. What is d(4)?
-14
Let b(x) = -256*x**2 - 25*x - 2. Calculate b(-1).
-233
Let p(u) = u**3 + 15*u**2 + 77*u + 122. Give p(-6).
-16
Let g(b) = 2*b**2 - 80*b + 463. What is g(33)?
1
Let k(b) = 110*b - 10. What is k(2)?
210
Let x(a) = 18*a**2 + 201*a + 39. Give x(-11).
6
Let b(y) = -y**2 - 58*y + 127. Determine b(-60).
7
Let a(d) = -d**3 + 3*d**2 + 14*d + 38. Calculate a(-3).
50
Let z(t) = t**3 - 9*t**2 - 159*t + 27. Calculate z(-9).
0
Let k(g) = -g**3 + 17*g**2 - 3*g - 247. Determine k(16).
-39
Let u(h) = -h**2 + 13*h - 20. Determine u(17).
-88
Let b(k) = 1552*k + 6185. Determine b(-4).
-23
Let w(k) = -3*k**2 - 23*k - 14. Determine w(-7).
0
Let o(j) = 41*j**2 - 9*j + 5. Determine o(-2).
187
Let c(p) = 2*p**2 - 237*p + 574. Give c(116).
-6
Let r(b) = -b**3 + 13*b**2 - 61*b + 129. Give r(7).
-4
Let u(v) = -2*v**3 + 20*v**2 + 43*v + 28. What is u(12)?
-32
Let t(z) = 206*z + 3906. What is t(-19)?
-8
Let y(q) = -5*q**2 + 178*q - 1457. Calculate y(12).
-41
Let b(u) = 3*u**3 + 28*u**2 + 3*u - 12. What is b(-9)?
42
Let i(c) = c**3 + 6*c**2 - 70*c + 132. Calculate i(4).
12
Let k(j) = j**3 - 10*j**2 - 10*j + 199. Determine k(8).
-9
Let f(o) = o**2 - 8*o - 29. Determine f(11).
4
Let p(o) = -2*o**2 - 63*o - 53. Calculate p(-30).
37
Let f(n) = n**3 + 11*n**2 - 33*n - 156. Determine f(-15).
-561
Let n(d) = -2*d**2 + 14*d + 1707. Determine n(-26).
-9
Let a(r) = -r**2 - 3*r + 95. Determine a(-11).
7
Let t(s) = -2*s**3 - s**2 + 8*s - 19. Give t(-4).
61
Let z(s) = -s**3 - 20*s**2 - 53*s + 38. Give z(-16).
-138
Let x(v) = -54*v**2 + 76*v + 77. Calculate x(-1).
-53
Let v(t) = 16*t**2 - 119*t + 68. Calculate v(9).
293
Let o(l) = 804*l - 4035. Give o(5).
-15
Let s(w) = 287*w - 1744. Give s(6).
-22
Let u(h) = 2*h**2 - 121*h - 1285. Give u(-9).
-34
Let u(a) = -2*a**2 + 40*a + 92. Calculate u(23).
-46
Let k(a) = 1053*a - 1049. Give k(1).
4
Let z(i) = 6952*i - 27805. What is z(4)?
3
Let n(f) = f**3 - 58*f**2 - 460*f + 338. Calculate n(65).
13
Let w(s) = -s**3 + 50*s**2 + 109*s - 133. Give w(52).
127
Let h(a) = 14*a + 379. Give h(-27).
1
Let f(t) = -3*t**3 - 16*t**2 - 35*t - 63. Determine f(-4).
13
Let m(l) = 236*l**3 + 5*l**2 + 2*l - 2. Give m(1).
241
Let u(f) = -3*f**2 + 65*f + 67. Determine u(22).
45
Let l(n) = -3108*n + 27973. What is l(9)?
1
Let j(w) = 3*w**3 + 60*w**2 - 3*w - 67. Calculate j(-20).
-7
Let b(n) = -21*n**2 + 13*n + 4. Calculate b(-3).
-224
Let z(q) = -q**3 + 51*q**2 + 543*q - 164. Give z(60).
16
Let n(j) = -75*j**2 + 6*j - 6. Calculate n(1).
-75
Let m(k) = 10*k + 450. Determine m(-48).
-30
Let h(p) = -2*p**3 - 7*p**2 - 161. Give h(-6).
19
Let h(m) = -200*m**2 - 585*m - 9. Determine h(-3).
-54
Let l(y) = 106*y - 4293. Calculate l(40).
-53
Let x(v) = -129*v + 509. Give x(4).
-7
Let f(n) = -n**3 + 9*n**2 + 158*n - 9. What is f(-9)?
27
Let i(t) = 10167*t - 40633. Determine i(4).
35
Let c(d) = 105*d - 619. Determine c(10).
431
Let t(a) = 2*a**3 - 72*a**2 + 350*a + 26. Give t(6).
-34
Let y(r) = -6*r**2 + 286*r + 3599. Give y(58).
3
Let j(h) = h**3 + 11*h**2 - 11*h - 264. Give j(-9).
-3
Let z(m) = -2*m**3 - 27*m**2 - 7*m - 25. What is z(-14)?
269
Let a(c) = -227*c - 20658. Calculate a(-91).
-1
Let m(b) = 2*b**3 + 16*b**2 + 11*b - 25. Calculate m(-7).
-4
Let u(z) = 3*z**2 + 20*z + 45. Determine u(-5).
20
Let s(g) = -g**2 + 36*g + 46. Calculate s(-13).
-591
Let h(w) = -w**2 + 25*w + 61. Give h(-7).
-163
Let l(p) = p**3 + 2*p**2 + 16*p - 49. Calculate l(3).
44
Let v(i) = -442*i + 145. Calculate v(1).
-297
Let j(q) = q**2 + 120*q + 3461. What is j(-48)?
5
Let b(l) = 10*l**3 + 702*l**2 + 141*l + 101. Determine b(-70).
31
Let k(o) = -o**2 + 1051*o - 74111. Give k(76).
-11
Let n(a) = -4*a**3 - 26*a**2 - 9*a + 30. Determine n(-6).
12
Let i(u) = 8*u**3 - 15*u**2 + 7*u - 8. Calculate i(4).
292
Let m(y) = 18*y - 347. What is m(20)?
13
Let l(m) = 2*m**2 + 946*m + 3800. Give l(-4).
48
Let d(b) = -19*b + 21. What is d(15)?
-264
Let l(r) = -27*r + 1286. Give l(50).
-64
Let w(t) = -5*t**3 + 5*t**2 + 12*t - 15. Give w(1).
-3
Let b(i) = i**3 + 14*i**2 - 23*i + 136. Determine b(-16).
-8
Let c(x) = 60*x**2 - 106*x - 16. Determine c(2).
12
Let c(i) = 116*i**3 + 4*i**2 + 7*i + 2. Determine c(-1).
-117
Let n(j) = -9*j - 62. What is n(-8)?
10
Let v(f) = -f**3 + 13*f**2 + 30*f + 22. Determine v(15).
22
Let b(k) = -94*k**2 - 489*k - 12. What is b(-5)?
83
Let f(d) = 3*d**2 + 581*d + 6874. Calculate f(-181).
-4
Let i(r) = -r**3 - 10*r**2 + 200*r + 6. Determine i(-20).
6
Let j(f) = -671*f + 2710. Give j(4).
26
Let l(z) = 4*z**3 - 3*z**2 - 4*z + 4. Calculate l(2).
16
Let u(z) = 156*z + 304. Calculate u(-2).
-8
Let p(i) = 62*i**3 - 5*i**2 + 13*i - 9. What is p(2)?
493
Let s(g) = -g**3 + 17*g**2 - 31*g + 129. What is s(15)?
114
Let h(i) = 38*i + 250. What is h(-6)?
22
Let t(o) = -115*o - 657. Calculate t(-6).
33
Let q(g) = 43*g**2 + 903*g + 7. Calculate q(-21).
7
Let n(o) = -o**3 - 3*o**2 + 31*o + 60. Determine n(-6).
-18
Let o(k) = 13*k**3 - k**2 - k + 2. Calculate o(1).
13
Let q(g) = 63*g + 36. Determine q(-1).
-27
Let p(i) = -i**3 + 26*i**2 + 28*i + 93. Give p(27).
120
Let j(n) = n**3 + 18*n**2 - 9*n - 47. Calculate j(-18).
115
Let w(j) = 19*j + 674. Calculate w(-35).
9
Let u(y) = -129*y**3 + y**2 + 45*y + 45. What is u(-1)?
130
Let q(i) = -i**3 - 23*i**2 - 18*i - 210. What is q(-22)?
-298
Let w(z) = z**3 - 3*z**2 + 2*z - 13. Calculate w(-6).
-349
Let h(y) = 31*y - 46. Give h(-7).
-263
Let a(i) = 150*i + 6921. Give a(-45).
171
Let k(b) = -b**2 - 89*b + 1693. What is k(16)?
13
Let f(b) = -14*b**2 + 69*b - 11. Give f(5).
-16
Let c(h) = 20*h**2 + 4*h - 10. Calculate c(-3).
158
Let g(r) = -r**2 + 6*r - 18. Calculate g(10).
-58
Let o(w) = 2*w**2 + 44*w + 21. Give o(-17).
-149
Let h(w) = w**3 + 223*w**2 + 462*w + 4418. Give h(-221).
-2
Let w(d) = -4*d - 451. Calculate w(-116).
13
Let y(w) = -111*w + 1500. Give y(14).
-54
Let c(k) = 2*k**2 - 407*k - 3822. Determine c(-9).
3
Let l(t) = -7346*t - 242407. Give l(-33).
11
Let v(l) = 836*l - 147. Calculate v(1).
689
Let h(z) = -z**2 - 36*z + 4296. Calculate h(-86).
-4
Let k(w) = 2*w**2 + 49*w - 600. Give k(9).
3
Let y(h) = -26*h**2 + 2646*h + 3295. Determine y(103).
-1
Let j(k) = 21*k**2 - 857*k + 1718. What is j(2)?
88
Let x(c) = -425*c + 4676. Calculate x(11).
1
Let i(b) = -b**3 - 35*b**2 - 7*b - 177. Give i(-35).
68
Let k(m) = -21*m**2 + 109*m + 18. Determine k(5).
38
Let p(n) = -n**3 + 21*n**2 + 4*n - 102. Give p(21).
-18
Let s(y) = 3*y**3 + 14*y**2 - 75*y + 10. Calculate s(3).
-8
Let w(i) = -10*i**2 + 750*i + 13. What is w(75)?
13
Let x(h) = 69*h**2 + h - 29. Give x(3).
595
Let w(n) = n**2 - 7*n - 130. What is w(16)?
14
Let w(d) = 5*d**2 - 110*d - 7. What is w(23)?
108
Let v(i) = 60*i**3 + 17*i**2 + 16*i + 1. Give v(-1).
-58
Let w(l) = 19*l + 170. What is w(-9)?
-1
Let k(w) = 9*w**2 - 342*w + 17. What is k(38)?
17
Let l(p) = 14*p - 184. Calculate l(-8).
-296
Let q(p) = 9425*p + 56505. What is q(-6)?
-45
Let z(x) = -x**3 - 42*x**2 - 372*x + 39. Determine z(-29).
-106
Let s(r) = -628*r - 25713. Calculate s(-41).
35
Let z(w) = -3*w**2 + 78*w - 539. Calculate z(26).
-539
Let k(y) = -y**2 - 78*y + 4705. What is k(-118)?
-15
Let p(m) = 2*m**2 - 39*m + 10. What is p(16)?
-102
Let d(h) = -603*h + 34980. Determine d(58).
6
Let h(d) = d**2 - 14*d + 35. Calculate h(3).
2
Let q(c) = -3*c**3 - 18*c**2 - 28*c - 160. What is q(-6)?
8
Let t(b) = -73*b + 437. Determine t(6).
-1
Let b(z) = -z**3 + 4*z**2 - 5*z + 14. What is b(4)?
-6
Let w(g) = -g + 1. What is w(-4)?
5
Let m(n) = 7*n**2 - 7*n + 269. Give m(12).
1193
Let x(k) = -k**2 + 37*k + 1858. Give x(-29).
-56
Let r(z) = z**2 - 57*z - 11629. What is r(140)?
-9
Let h(b) = 